 x(-6). Suppose -4*s = 3*k - 36 - o, k + 25 = s. What is the units digit of s?
1
Let y(v) = v**3 - 11*v**2 + 12*v + 14. What is the tens digit of y(10)?
3
What is the hundreds digit of -1 - (-446)/4 - 1/(-2)?
1
Let a(h) be the first derivative of h**2/2 + 3*h - 1. Let z be a(-3). Suppose z = 2*k - 5*b + 1, -4*k - k + 38 = b. What is the units digit of k?
7
Suppose 0 = 3*h + 5*c + 13, 5*h = -2*c + c + 15. Suppose 0 = -h*z + o + 51, 4 = -4*z + 5*o + 35. What is the tens digit of z?
1
Suppose v + o - 11 = 0, 5*v - o - 5 = 4*o. Let b = v - -10. What is the units digit of b?
6
Let f be ((-14)/(-6))/(3/(-9)). What is the units digit of f + 5 - 4/(-1)?
2
Suppose 3*q - 90 = -5*t + t, -101 = -4*q + t. What is the units digit of q?
6
Suppose -4*k - 5*q + 20 = 0, -2*k = -k + q - 6. Suppose 0 = 3*h - 2*u - k, -2*h + 2 = 4*u + 6. What is the units digit of 2 + (-1 - -2) + h?
5
Let m = -19 - -22. What is the units digit of m?
3
Suppose 3*k + 3 + 0 = 0. Let g = k - -1. Suppose g = -5*f + 4*o + 79, -4*f - 4*o + 60 = -32. What is the units digit of f?
9
Suppose -3 + 11 = 4*q. Let k be 2/7 - 4/14. Suppose -5*x - 10 = 3*o, -3*o - 17 = -k*x - q*x. What is the units digit of x?
1
Let f(r) = -2*r**3 - 1. Let y be f(-1). Let t(c) = 28*c - 1. What is the units digit of t(y)?
7
Let c be (-8)/60 - 47/(-15). Suppose c = u - 2. What is the units digit of u?
5
Let j(s) = s**2 + 13. Let d be (-2)/(-7) + 66/14. Suppose 3*y - d*y = 0. What is the tens digit of j(y)?
1
Let u(j) = j**2 + 6*j - 3. Let c be u(-7). Suppose g + 4*b + 11 = 0, g - 7 = c*b + 22. What is the units digit of g?
9
Suppose -5 = -q - 0. Suppose q*z = -h + 209, 3*z - 115 = -0*z + 2*h. What is the units digit of z?
1
Let i(u) = 72*u**2 + 3*u. What is the hundreds digit of i(-2)?
2
Let q = 341 + -221. What is the units digit of q?
0
Let g(x) = -x**3 + 18*x**2 - 5*x - 4. What is the hundreds digit of g(17)?
2
Let o(p) = 3*p + 2. Let x be o(1). Suppose -x*v + 128 = 3*r, 5*r = v - 2*v + 250. What is the tens digit of r?
5
Suppose -5*k + 4*s = -1211, 4*k + 8*s - 968 = 12*s. What is the tens digit of k?
4
Let c(t) = -28*t - 2. Let q(i) = -14*i - 1. Let o(j) = -6*c(j) + 11*q(j). Let d be o(1). Suppose -2*w - 3*w = -d. What is the units digit of w?
3
Let c be 1/1 + 1 - -1. What is the units digit of 1*c/(3 - 2)?
3
Suppose 5*i - 33 = 3*n - 8, 0 = 5*i - 25. Let j = n + 2. What is the units digit of j?
2
Let o(p) = p**2 - 4*p + 5. Let y be o(4). Let x(u) = 5*u - 8. Let j(z) = -3*z + 5. Let f(l) = 8*j(l) + 5*x(l). What is the units digit of f(y)?
5
Suppose -q + 3*s + 18 = 0, 0 = -q - 0*s + 5*s + 22. Let o be 38/q + 2/(-12). Suppose -4*y + o = -5. What is the units digit of y?
2
What is the units digit of (-3 - (-3 + 1))*-67*1?
7
Suppose 4*b + 0 = 4, -3*l + 25 = b. Let t = l + -14. Let s = 8 + t. What is the units digit of s?
2
Suppose -2*d + 3*d - 10 = 0. What is the tens digit of d?
1
Suppose 0 = 3*m - 436 - 74. What is the units digit of m?
0
What is the tens digit of (-15 - -62) + 4/(-1)?
4
Suppose -78 = -5*f + 3*f. What is the tens digit of f?
3
Let d = 14 - 8. Let k(b) = b + 6. What is the units digit of k(d)?
2
Let o be 3 + (2 + -2)/3. Let a(b) = -2*b**2 + 6 - 1 - b + o*b**2 - 4*b. What is the units digit of a(5)?
5
Let f be (-3)/(-9)*0 + 4. Suppose -f*r = -2*r - 42. What is the units digit of r?
1
Let s(g) = 1. Let x(k) = -k + 3. Let a(q) = 2*s(q) + x(q). What is the units digit of a(0)?
5
Let k = 1 + -4. Let f = k + 5. Let x = f - -3. What is the units digit of x?
5
Let i = -13 + 3. Let h(u) be the first derivative of u**3/3 + 5*u**2 + 2*u + 19. What is the units digit of h(i)?
2
Let f = -7 + 12. Suppose 2*x - 5*k = x, 0 = -f*x - k. Suppose -3*z + 2*j + 60 = x, -3*z + 86 - 23 = -3*j. What is the units digit of z?
8
Let t = 234 + -130. What is the tens digit of t?
0
Suppose 0 = 2*z - 3*l - 5, 4*z + 0 = -3*l + 1. What is the units digit of z?
1
What is the units digit of ((-2)/9 + 4044/216)*4?
4
Let t(v) be the second derivative of v**4/4 - v**3/2 - 3*v. Let q be t(2). What is the units digit of 29/q + 3/18?
5
Let k = 15 + -11. Suppose k*y - 2*y = 10. What is the units digit of y?
5
Suppose 0 = 3*r - 0*r - 633. What is the tens digit of r?
1
Let a(o) be the third derivative of -o**5/60 + 3*o**4/8 - o**3/2 - 3*o**2. Suppose 3 - 27 = -3*q. What is the units digit of a(q)?
5
Let z = -384 + 541. What is the hundreds digit of z?
1
Let r(z) = 4*z + 8. Let w be r(-8). What is the units digit of (15/6)/((-3)/w)?
0
Suppose 0 = l - 5*y - 32, 47 = 5*l - 3*y - 25. What is the units digit of l?
2
Let n(u) = u**2 + 3*u - 7. Let v be n(-6). Suppose 13 + v = -3*o. What is the units digit of (-58)/o + 1/(-4)?
7
Let b be 0*(1 - 1 - -1). Let c(f) = -f**2. Let r be c(b). Suppose s + 6 - 8 = r. What is the units digit of s?
2
Let z(x) = -x + 6. Let b be z(0). What is the tens digit of b/9 - (-127)/3?
4
Suppose -4*k + 41 = y, -2*y + 5*k = -124 + 29. What is the units digit of y?
5
Suppose 9 = 3*n + 3*a, -n + 0 - 3 = 3*a. Let y be ((-18)/(-12))/(n/8). Suppose 0 = -z - y + 15. What is the units digit of z?
3
Let w(d) = d**2 - 5*d - 5. Let r be w(5). What is the units digit of -1*(-2)/r*-20?
8
Let l be ((-15)/10)/(3/(-4)). Suppose l*p - 15 = -1. What is the units digit of p?
7
Suppose 5*s - 3*z - 393 = z, 3*s - 229 = -z. Suppose -4*q + 3*c = -159, -2*c + s = 2*q - 3*c. What is the tens digit of q?
3
What is the units digit of 6/(-2)*25/(-15)?
5
Let j(c) = c**3 - 7*c**2 - 1. Let l be j(7). Let z = 5 + -4. What is the tens digit of 10/(l*(-2 + z))?
1
Let s = 42 + -35. What is the units digit of s?
7
Suppose 0 = r - 2*l - 107, -7*r + 4*r - 4*l = -371. What is the hundreds digit of r?
1
Let y be 6/3 + 24/2. Let s = -11 + y. What is the units digit of s?
3
Suppose s = u + 62, 4*s + 2*u + 2*u - 288 = 0. What is the tens digit of s?
6
Suppose -5*w + 0 + 25 = 0. Suppose w*p + 18 - 98 = 0. What is the units digit of p?
6
Let k = -147 + 234. What is the tens digit of k?
8
Suppose 6*c - 8 = 2*c. Let v be ((-3)/c)/(3/(-4)). Suppose 2*l + 12 = 5*s, -v*l = -3*s - l + 8. What is the units digit of s?
4
Let u(f) = 5*f**2 + 11*f + 8. What is the tens digit of u(-7)?
7
Suppose 4*j - 2*u - 296 = 0, -j + u = -111 + 37. What is the units digit of j?
4
Suppose n = 5*n - 88. Let g be -8*(-2)/((-2)/2). Let k = g + n. What is the units digit of k?
6
Suppose 0 = b - 2*k + 6*k - 21, -4*b = 4*k - 72. Suppose -b = -2*m + 3. What is the tens digit of m?
1
Suppose 0*v = 3*y - 3*v - 36, 0 = -4*y - 4*v + 40. What is the tens digit of y?
1
Let r = 7 + -2. What is the units digit of -2 + r + -3 - -16?
6
Let h(b) = -17*b + 48. What is the units digit of h(-7)?
7
Let a be 16/40 + (-176)/(-10). What is the units digit of (348/a)/((-4)/(-6))?
9
Suppose -4*m - 2*k - 4 = 0, -2*k = -2*m - 0*k - 2. What is the units digit of 5 + 20 + m + 0?
4
Let m(u) = 8*u + 8. What is the tens digit of m(5)?
4
Suppose 3*d - 15 = 84. What is the units digit of d?
3
Suppose 5*j = -0*j - 70. Let f = j + 20. Let x = f + 3. What is the units digit of x?
9
Suppose 5*t + 4*y + 16 = 0, -t + 2*y = -7 - 1. Suppose a + 2 = -t. Let w = 9 + a. What is the units digit of w?
7
Let z(l) = l**3 - 5*l**2 + 7*l - 2. Let k be z(5). Suppose -3*m + 19 = -4*s, -16 + 8 = 4*m + 3*s. What is the units digit of ((-3)/((-9)/k))/m?
1
Let q be (-5)/((-10)/(-8)) + 0. Let b = -2 - q. What is the tens digit of 6 - -1 - (b + -5)?
1
Suppose 13 = -i + 3*x, -2*i = x - 6*x + 21. Let r(h) = 2 - 4 - h - h + i*h**2 + h**3 + 0*h. What is the units digit of r(2)?
0
Suppose 37 - 141 = -4*w. Suppose w = h + 7. Suppose b = -0*b - 5*u - 13, 5*b - 3*u = h. What is the units digit of b?
2
Let n(w) = -w**3 - 8*w**2 + 5*w + 9. Let i be n(-9). Suppose 4*r + 57 + 71 = 0. Let h = r + i. What is the tens digit of h?
1
Let t(y) be the second derivative of y**4/12 - 5*y**3/6 - 3*y. Let o be t(6). Suppose -25 = -2*v - 5*f, -2*v - 3*f - o = -5*v. What is the units digit of v?
5
Let p be 6/(-33) + (-46)/(-11). Suppose -v + 6*v = 15. Suppose 0 = 3*t + 5*x + 17, -p*t + 2*x = v*x. What is the units digit of t?
1
Suppose 0*g - 3*g = 0. What is the units digit of (g + -2)/((-1)/2)?
4
Let j = 510 + -327. What is the units digit of j?
3
Let g(b) = 8*b - 4. What is the units digit of g(2)?
2
Suppose 3*u + 4*b - 943 + 267 = 0, -u - b + 225 = 0. What is the h